or of 11 and o?
11
Let o = 49 + -29. Suppose 2*b = 54 - o. What is the highest common factor of b and 17?
17
Suppose -o = -4*w - 4 + 13, -2*o - 6 = -4*w. Suppose 0*y = o*y + 14760. Let l be (-4)/(-14) + y/(-28). Calculate the highest common factor of 16 and l.
16
Let f be 4/(16/164) - 5. Calculate the highest common divisor of f and 4.
4
Let q(o) = o**3 - 8*o**2 - 16*o + 5. Let b be q(11). What is the highest common divisor of 240 and b?
48
Suppose -3*j + 12 = -2*a, 0 = 4*a - 4*j + 7 + 13. Let x(z) = -2*z**3 - 4*z**2 - 2*z - 4. Let h be x(a). Calculate the greatest common factor of 10 and h.
10
Let s be (-1)/6 - 21/(-18). Let u(w) = 66*w**2 - w. Let h be u(s). Suppose -z = -9 - 4. What is the greatest common factor of h and z?
13
Let c(n) = n**3 + 7*n**2 - 5*n - 13. Let z be c(-6). Suppose 5*x + 16 - z = -3*o, -2*o = 4*x - 28. What is the greatest common factor of 28 and o?
4
Suppose 0 = k + 4*k + h - 142, 2*h = 3*k - 80. Calculate the greatest common factor of 56 and k.
28
Suppose 0*v = -5*v + 3*z + 729, 282 = 2*v + 2*z. What is the greatest common divisor of 464 and v?
16
Let r(a) = -a**2 + 8 + 24 + 13*a - 49. Let i be r(10). Calculate the highest common divisor of 52 and i.
13
Suppose 2*r = -1 - 5. Let z be r - (-5*8)/1. Calculate the highest common factor of z and 259.
37
Suppose 10*d - 15*d = 0. Suppose 10*w - 6*w - 8 = d. Calculate the highest common factor of w and 18.
2
Suppose -4*t + 202 = 3*u + 67, 3*t = 5*u + 94. What is the greatest common divisor of 66 and t?
33
Suppose 64 + 206 = 5*x. Let z = -30 + 38. Suppose 49 = 3*h + c, -h + 3*c - 7 = z*c. What is the highest common factor of x and h?
18
Let x(t) = t**2 - 3*t - 1. Let s be x(4). Suppose -18 = -3*y - s. Suppose y - 1 = u. Calculate the greatest common divisor of 32 and u.
4
Suppose 0 = -5*d - 0*d + 45. Suppose -d = -b + 27. Calculate the highest common factor of b and 9.
9
Let s(f) = 14*f - 7 + 2 - 1. Suppose -9 - 8 = -3*t - x, x + 23 = 5*t. Let k be s(t). What is the greatest common factor of k and 96?
32
Let x = 1410 + -1389. Let n be 9/(1 - (-40)/(-42)). What is the greatest common factor of n and x?
21
Let t be 20/(-8)*4/(-5). Suppose -t*s = -5*s - 21. Let w be ((-12)/(-2))/(s/(-42)). Calculate the greatest common divisor of w and 4.
4
Let s be 8*302*1/8. Let q = -151 + s. Suppose -q = -4*i + 5*u, -2*i + u = -34 - 37. Calculate the greatest common factor of i and 85.
17
Let k(b) = b**3 - 17*b**2 - 16*b + 36. Let p be k(18). What is the greatest common divisor of p and 120?
24
Let f(q) = q**2 + 2*q + 2. Let a be f(-3). Let i(b) = a + 0*b + 4*b**2 + 2 - 4*b - 5. Let t be i(2). Calculate the greatest common divisor of 70 and t.
10
Let s(i) = -i**2 + 8*i - 3. Let h be s(8). Let u be 1/(-3)*8*h. Let a be 834/u - (-2)/(-8). What is the greatest common divisor of a and 13?
13
Let t(n) = 38*n - 532. Let d be t(65). Calculate the highest common factor of d and 102.
102
Let i be ((-4)/10)/(1/5). Let a = i - -4. Let y be (6/3 - -2) + -2. Calculate the greatest common divisor of y and a.
2
Suppose -5*d = 2*b - 185, -8*d + 455 = 5*b - 3*d. Calculate the highest common divisor of 10 and b.
10
Let z(q) = -q**3 - 6*q**2 + 5. Let b be z(-6). Suppose -5 = -m + b. Let g = 2674 + -2664. What is the highest common factor of m and g?
10
Let l(j) = 624*j**2 + 2*j - 3. Let g be l(1). Suppose -5*v - g = b, 3*b + 500 = 4*v - 1388. Let c = 903 + b. Calculate the greatest common divisor of c and 25.
25
Let r = -1356 - -1364. Calculate the highest common factor of 1112 and r.
8
Suppose -3*s + 0*s + 6 = 0. Let o be (0 + s)/(11/132). Suppose o = w - 5*u, 3*w - 2*u = 2*u + 39. What is the greatest common factor of w and 1?
1
Let u = 14 - 18. Let r be 58*(-20)/32*u. Calculate the greatest common factor of r and 29.
29
Let g = -420 - -828. Calculate the greatest common factor of 48 and g.
24
Suppose -268 = -2*h + 138. Calculate the greatest common factor of h and 58.
29
Let a(m) be the first derivative of 2*m**3/3 - 2*m - 2. Let t be a(-3). Let u be (9/6)/(1 - 2094/2112). Calculate the greatest common factor of t and u.
16
Suppose 0*s = -s + 2. Let i(p) = -p + 3*p + 4*p**s + p - p. Let c be i(5). What is the greatest common factor of 22 and c?
22
Let i(r) = -r**2 + 24. Let k be i(0). Suppose 0*s - 4*s = -k. What is the highest common divisor of 6 and s?
6
Let c = -1085 + 1099. What is the greatest common factor of 182 and c?
14
Let n be (-68)/(-60) - 1 - 52/(-60). Let d be (-142)/(-14) + 56/(-49) + n. Calculate the highest common factor of 310 and d.
10
Suppose -24*b + 25*b = 98. Let m = b + 7. Calculate the highest common divisor of m and 42.
21
Suppose 4*d - 19 = 1. Let m be ((-38)/d - 2)*-5. Let g(x) = 8*x**2 + 2*x. Let j be g(-4). Calculate the greatest common divisor of m and j.
24
Let x be (18/(-15))/((-1)/5). Suppose -16*w + 11*w + 330 = 0. What is the greatest common factor of w and x?
6
Let j be (-1225)/25*60/(-21). What is the greatest common factor of 240 and j?
20
Let x be 18/(-12)*-4 + 0. Calculate the highest common factor of 6 and x.
6
Suppose -27*i + 86 = -23*i + 2*h, -3*i + 92 = -4*h. Calculate the highest common divisor of i and 32.
8
Let u = 6 + -4. Suppose -5*o + 15 = -u*o. Let z be (4/o)/((-3)/(-240)). What is the highest common divisor of z and 8?
8
Suppose -4*y = -23 + 3. Suppose y*g = -17 + 22. What is the highest common divisor of g and 5?
1
Let q be (621/(-9))/(6/(-32)). Calculate the greatest common divisor of 92 and q.
92
Suppose 5*g = -2*v + 385, -4*v - 2*g = -7*g - 815. Let z = 812 - 787. What is the greatest common divisor of z and v?
25
Let p(d) = 4*d**3 + 2*d**2 - 2*d + 1. Let o be p(1). Suppose n - 2*q - q = 25, -2*n - 5*q = o. Let m = 0 + n. Calculate the highest common factor of m and 30.
10
Let b be -8 - -10 - 0/4. Suppose 2*t + 186 = 4*v, 4*t - t + 15 = 0. Calculate the highest common factor of b and v.
2
Suppose 9*r = 5*r + 104. What is the highest common divisor of 13 and r?
13
Suppose 3*l + w - 37 = -4*w, -28 = -2*l - 4*w. Suppose l*s = 13*s - 1287. Let d be 2/6 + 76/6. What is the highest common divisor of s and d?
13
Let o(p) = 32*p**2 - 5*p - 66. Let k be o(-5). What is the greatest common factor of k and 132?
33
Let x(j) = -j**3 + 27*j**2 + 13. Let k be x(27). What is the highest common divisor of 52 and k?
13
Let w be (-9)/3 + 3 + 850. Suppose -3*g = -8*g + w. Calculate the greatest common divisor of g and 34.
34
Let s = 90 - 86. Suppose l = 4*v - 46, -3*v - 40 = -7*v + 4*l. Let p be (v/3)/(-1 + 3). What is the highest common factor of s and p?
2
Suppose 0*w + 116 = -2*w. Let h be (10 - w) + 1*2. Suppose 0 = 5*m + 44 - 184. Calculate the greatest common divisor of m and h.
14
Let q = -185 + 274. Let a = q - 83. What is the greatest common divisor of 3 and a?
3
Suppose 0 = -5*h - x + 85, 4*h + 5*x + 13 = 60. Calculate the highest common factor of 396 and h.
18
Let w be 2/3*180/24. What is the highest common factor of 20 and w?
5
Let c = -23 + 51. Let n be (-2)/7 + 426/21. Let w = n - 13. What is the highest common factor of c and w?
7
Let g = 168 - 21. What is the highest common factor of 49 and g?
49
Let l be 144/54 - 6/9. Calculate the highest common factor of l and 8.
2
Suppose -n + 5*i - 70 + 5 = 0, 3*n = 5*i - 215. Let b be 10*(-6)/n*10. What is the greatest common divisor of 8 and b?
8
Let v = 432 - 407. Calculate the greatest common factor of v and 3.
1
Suppose 4*q + 9 = -111. Let n = -26 - q. What is the greatest common factor of n and 28?
4
Let z(n) = n - 3. Let x be z(7). Suppose 4*j - 20 = 5*p, -12 = j + 3*j + 3*p. Let o be 2/4*(j + 0) - -1. Calculate the highest common factor of o and x.
1
Suppose 0*m = -4*m + 40. Suppose -2*h + 3*l - m - 3 = 0, -2*h = -5*l + 23. Let t(g) = 24*g. Let y be t(h). Calculate the greatest common factor of 3 and y.
3
Let o = -350 + 388. Calculate the greatest common factor of o and 57.
19
Suppose -47*q + 49*q = y + 4, -5*q - 2*y + 10 = 0. Suppose 0 = -5*u - 5, 0 = 4*r + 2*u - 18 - 4. What is the highest common factor of r and q?
2
Let u(m) = 38*m + 26. Let n be u(5). Calculate the highest common divisor of 48 and n.
24
Suppose -8 = 4*j + 8, 2*s + 4*j + 10 = 0. Suppose n - s*n = 2*g - 54, 0 = -2*g - 5*n + 51. Calculate the greatest common factor of 112 and g.
28
Let o = 1097 + 1555. Calculate the greatest common diviso